 Determine b(4).
8
Let s(j) = j**3 + 27*j**2 + 28*j + 59. Determine s(-26).
7
Let s(d) = d**2 + 2*d - 34. Calculate s(5).
1
Let l(r) = -r**2 + 5*r - 9. What is l(4)?
-5
Let n(u) = u**3 - 16*u**2 - 36*u + 22. What is n(18)?
22
Let v(m) = 3*m**2 + 8*m + 2. Calculate v(-3).
5
Let l(u) = -85*u + 2. What is l(1)?
-83
Let j(n) = 2*n - 45. Calculate j(19).
-7
Let z(h) = h**2 - 11*h - 7. Give z(7).
-35
Let h(g) = -g**3 - 20*g**2 + 20*g - 11. Give h(-21).
10
Let x(h) = 2*h**2 + 28*h + 71. Give x(-3).
5
Let f(o) = 4*o - 34. Calculate f(8).
-2
Let k(x) = 2*x - 8. Give k(8).
8
Let n(k) = 7*k + 1. What is n(-9)?
-62
Let s(f) = 3*f**2 - 14*f - 84. Give s(8).
-4
Let w(m) = m**3 - 2*m**2 - 2*m + 2. Calculate w(3).
5
Let t(a) = -2*a + 45. Calculate t(-8).
61
Let z(m) = -m**3 - 25*m**2 + 33*m + 177. Determine z(-26).
-5
Let t(l) = -l**3 + 9*l**2 - 18*l + 8. Give t(7).
-20
Let s(w) = -w**2 - 18*w - 44. Determine s(-10).
36
Let s(q) = -11*q - 9. Determine s(-1).
2
Let i(w) = 24*w**2 - 4*w - 3. Give i(-1).
25
Let r(u) = -3*u - 3. Give r(-6).
15
Let m(x) = -x**2 + 6*x - 7. Determine m(5).
-2
Let j(w) = -w**2 - 9*w + 21. Determine j(-11).
-1
Let c(u) = 9*u - 3. Give c(-4).
-39
Let l(y) = -y**3 + 2*y**2 + 12*y + 3. Calculate l(-3).
12
Let n(y) = y**3 - 4*y**2 - 12*y + 40. Calculate n(5).
5
Let j(v) = v**2 - 31*v - 258. Calculate j(38).
8
Let k(x) = -7*x - 1. Determine k(9).
-64
Let q(y) = y**2 + 6. Calculate q(-6).
42
Let q(k) = -2*k - 8. Determine q(-1).
-6
Let k(l) = 5*l**3 + l**2 + 3*l + 1. What is k(-1)?
-6
Let t(p) = 18*p**2 - 1. What is t(-1)?
17
Let s(n) = -5*n + 9. Calculate s(8).
-31
Let a(j) = j**2 + j - 8. Calculate a(-4).
4
Let q(s) = -10*s + 29. Calculate q(6).
-31
Let h(o) = o**3 + 4*o**2 - 4*o - 3. Calculate h(-3).
18
Let s(v) = -19*v + 181. Give s(9).
10
Let h(j) = -j**3 - 9*j**2 - 9*j + 2. Give h(-8).
10
Let c(b) = b**3 - 3*b**2. What is c(4)?
16
Let n(k) = -k**3 - 13*k**2 + 55*k + 375. Calculate n(-15).
0
Let f(v) = -2*v**3 + 109*v**2 - 60*v + 328. Give f(54).
4
Let h(b) = -b + 11. What is h(12)?
-1
Let s(b) = 2*b**2 + 3*b + 2. Determine s(-2).
4
Let z(m) = m**3 + 22*m**2 + 42*m + 44. Determine z(-20).
4
Let w(z) = -z**3 + 11*z**2 - z - 10. Give w(11).
-21
Let h(z) = z**2 - 6. What is h(6)?
30
Let y(x) = x**3 - 15*x**2 + 14*x + 7. Calculate y(14).
7
Let z(t) = 6*t + 14. Calculate z(-1).
8
Let x(q) = q**2 + 19*q - 91. What is x(5)?
29
Let p(d) = -d**3 - 5*d**2. Give p(-5).
0
Let t(b) = -b**3 + 9*b**2 - 10*b + 13. What is t(8)?
-3
Let l(d) = -d**3 + 2*d**2 + d - 17. Calculate l(0).
-17
Let r(m) = -m**2 + 23*m - 17. What is r(22)?
5
Let y(v) = -v**3 - 5*v**2 + 7*v + 9. Give y(-6).
3
Let j(n) = -8*n**3 - 3*n**2 + 2. Give j(-1).
7
Let u(v) = -6*v - 7. Determine u(-5).
23
Let q(r) = -r**2 + 10*r - 23. Determine q(12).
-47
Let g(c) = -74*c + 814. Give g(11).
0
Let l(x) = -2*x**2 - 3*x + 8. What is l(-6)?
-46
Let w(l) = l**3 - 11*l**2 + 16*l + 8. Calculate w(9).
-10
Let r(t) = 18*t + 105. Give r(-6).
-3
Let x(a) = a**3 - 11*a**2 - 13*a - 7. Calculate x(11).
-150
Let d(u) = -2*u - 13. Calculate d(-10).
7
Let s(a) = a - 2. Give s(9).
7
Let b(u) = 72*u**2 - 4*u - 4. What is b(-1)?
72
Let g(r) = -3*r - 17. What is g(8)?
-41
Let k(y) = -y**3 - y**2 - 26. What is k(0)?
-26
Let u(x) = -13*x - 60. Calculate u(7).
-151
Let o(w) = -6*w - 1. Give o(-4).
23
Let d(u) = -u**3 - 43*u**2 - 41*u + 55. Calculate d(-42).
13
Let y(f) = 61*f**2 + f - 1. Determine y(1).
61
Let x(n) = n**3 - 4*n**2 - 7*n - 4. What is x(6)?
26
Let b(f) = 7*f - 16. Calculate b(4).
12
Let g(m) = m**3 - 5*m**2 - 6*m + 5. What is g(6)?
5
Let h(c) = -c**2 + 9*c - 22. Determine h(6).
-4
Let y(f) = -14*f**3 - 3*f**2 - f + 2. What is y(-2)?
104
Let y(d) = -d**2 + 7*d - 11. Determine y(5).
-1
Let b(s) = 40*s. What is b(1)?
40
Let a(w) = -11*w + 93. Calculate a(7).
16
Let x(y) = y**3 + 12*y**2 - y + 3. Determine x(-12).
15
Let k(z) = -z**2 - 26*z - 58. Give k(-22).
30
Let z(c) = -2*c**3 + 6*c**2 + 2*c - 9. Calculate z(4).
-33
Let b(g) = -g**3 + 7*g**2 - 4*g + 3. Determine b(7).
-25
Let l(s) = 8*s**2 + 33*s - 80. Give l(2).
18
Let l(k) = -124*k + 866. Determine l(7).
-2
Let z(j) = j**3 + 12*j**2 - 13*j - 4. Calculate z(-13).
-4
Let k(z) = -z**3 - 11*z**2 + 11*z + 4. Give k(-12).
16
Let d(l) = -11*l**2 + 121*l + 5. Calculate d(11).
5
Let m(z) = z**3 - 11*z**2 + 24*z + 17. Determine m(8).
17
Let t(l) = -l - 4. Calculate t(-4).
0
Let w(z) = 2*z + 9. What is w(-10)?
-11
Let p(o) = -o**3 - 9*o**2 + 21*o. Give p(-11).
11
Let c(n) = 2*n**2 + 2*n - 1. Calculate c(0).
-1
Let z(d) = d**3 - 15*d**2 + d - 7. Give z(15).
8
Let c(g) = -13*g**2 + 17*g + 6. Determine c(2).
-12
Let t(d) = -d**2 + 33*d + 72. What is t(35)?
2
Let c(l) = -l**2 + 11*l - 14. What is c(8)?
10
Let j(a) = -9*a - 85. Determine j(-9).
-4
Let d(a) = -a + 8. Give d(3).
5
Let u(w) = -8*w - 4. Calculate u(6).
-52
Let j(q) = -q - 8. Give j(-13).
5
Let t(y) = -y**2 - y - 6. Give t(-6).
-36
Let o(b) = b**2 + 5*b - 5. Calculate o(-6).
1
Let v(c) = -c**2 + 6. Calculate v(-4).
-10
Let t(n) = -n**2 - 13*n - 3. Give t(-9).
33
Let k(v) = 16*v + 116. What is k(-7)?
4
Let d(h) = -h - 2. Determine d(-7).
5
Let c(d) = -d**2 + 12*d + 4. Determine c(9).
31
Let x(k) = -k**3 + 2*k**2 + 4*k - 3. Give x(3).
0
Let t(b) = b**3 - 7*b**2 - 6*b - 4. Determine t(8).
12
Let g(o) = -o**3 - 14*o**2 - 14*o - 19. Determine g(-13).
-6
Let z(s) = s - 1. Give z(2).
1
Let k(j) = j**3 + 8*j**2 + 7*j + 11. What is k(-5)?
51
Let t(r) = -6*r - 1. Determine t(4).
-25
Let g(b) = 14*b + 14. Calculate g(-6).
-70
Let n(g) = -g**2 - g + 82. What is n(0)?
82
Let g(o) = 2*o + 38. What is g(-25)?
-12
Let b(h) = -h**2 + 33*h + 32. Determine b(34).
-2
Let x(y) = 2*y - 1. Determine x(-2).
-5
Let w(g) = -19*g**3 + g**2 - g. Calculate w(1).
-19
Let j(q) = q + 1. Give j(9).
10
Let y(i) = -5*i - 16. Give y(-3).
-1
Let h(f) = f + 6. What is h(-3)?
3
Let m(u) = -3*u**3 + 2*u**2 - 1. Calculate m(1).
-2
Let j(s) = -18*s + 89. What is j(5)?
-1
Let f(u) = u**3 - u**2 + 6*u - 7. Give f(5).
123
Let h(s) = s**3 - 11*s**2 + 6*s - 11. What is h(10)?
-51
Let y(j) = j**3 - 20*j**2 + 19*j - 36. Give y(19).
-36
Let n(h) = -15*h - 156. Calculate n(-11).
9
Let m(s) = s**3 + 5*s**2 - 7*s - 9. Give m(-6).
-3
Let f(c) = c**3 - 3*c**2 - 4*c. Calculate f(3).
-12
Let k(u) = -u**3 - 10*u**2 - 5*u + 35. Give k(-9).
-1
Let u(x) = -2*x**2 + 9*x - 4. Calculate u(6).
-22
Let v(q) = -q**3 - 13*q**2 - 11*q + 13. Give v(-12).
1
Let g(h) = -h**2 + 25*h - 153. Calculate g(11).
1
Let p(g) = -g**3 + 7*g**2 + 9*g - 14. Give p(8).
-6
Let f(j) = -15*j + 3. Give f(-4).
63
Let v(l) = -3*l**3 - l**2 + 4. Determine v(2).
-24
Let i(q) = -8*q + 83. Calculate i(12).
-13
Let w(n) = n**3 - 9*n**2 + 8*n + 8. Calculate w(8).
8
Let o(c) = 3*c + 8. Determine o(9).
35
Let w(t) = -t**3 - 6*t**2 + 6*t - 16. Give w(-7).
-9
Let l(o) = o**3 + 20*o**2 - 47*o - 47. Calculate l(-22).
19
Let u(p) = -5*p - 4. Calculate u(-3).
11
Let v(m) = -9*m - 9. Give v(-2).
9
Let c(h) = -2*h**2 - 19*h + 47. Give c(-11).
14
Let n(q) = q**3 + 12*q**2 + 14*q + 169. Give n(-12).
1
Let w(r) = 4*r - 3. Calculate w(-4).
-19
Let n(z) = -26*z - 149. What is n(-6)?
7
Let m(x) = x**2 + 14*x + 6. Give m(-14).
6
Let l(r) = 2*r + 6. Give l(-5).
-4
Let y(k) = -k**2 - 32*k - 204. Give y(-9).
3
Let m(o) = -3*o**3 - o**2 - 5*o - 11. What is m(-3)?
76
Let o(u) = -14*u + 6. Determine o(-4).
62
Let s(h) = 7*h**3 + h + 1. What is s(-1)?
-7
Let v(t) = t**3 + 3*t**2 - 2*t - 4. What is v(-4)?
-12
Let x(a) = 2*a**3 + 6. Determine x(-4).
-122
Let u(t) = t**3 - 14*t**2 - 15*t + 4. What is u(15)?
4
Let d(i) = -3*i - 5. Determine d(-7).
16
Let x(a) = -9*a - 4. Determine x(2).
-22
Let o(w) = 3*w**3 + 116*w**2 + 76*w - 8. What is o(-38)?
-8
Let g(b) = 2*b**2 - b. What is g(-3)?
21
Let f(k) = -22*k + 1. Give f(-2).
45
Let m(o) = -o**3 + 25*o**2 - o + 33. Calculate m(25).
8
Let w(u) = -21*u - 17. Calculate w(-1).
4
Let m(k) = -k**3 + 2*k**2 + 6*k. Give m(3).
9
Let u(p) = -p**2 - 5*p - 11. Determine u(-8).
-35
Let g(f) = f**2 + 9*f - 6. Calculate g(-10).
4
Let z(v) = v + 14. Give z(-6).
8
Let p(m) = -3*m**2 - 18*m - 8. What is p(-4)?
16
Let l(y) = 11*y - 147. Give l(13).
-4
Let z(q) = -8*q - 2. Determine z(1).
-10
Let w(c) = -c**3 - 5*c**2 + 7. Give w(-5).
7
Let u(n) = -n**3 + 10*n**2 - 5*n - 4. Give u(7).
108
L